isor of p and o?
32
Suppose 4*s - y - 725 = 3529, 3*y + 5307 = 5*s. What is the greatest common factor of 497 and s?
71
Let d be 27 + 66*6/36. Suppose -j - 3*j + 22 = o, -2*j + 106 = 3*o. What is the highest common factor of o and d?
38
Suppose 0 = 9*g - 5*g - 268. Let w = g - 17. Let u be (-10)/w - (-146)/5. What is the highest common divisor of 116 and u?
29
Suppose 848*h - 849*h = 1. Let y be h + (62 - (-9 + 6)). What is the greatest common factor of 1 and y?
1
Suppose 0 = 58*k + 17429 - 40107. Calculate the greatest common divisor of 207 and k.
23
Let z = 2 - 0. Let s = z + 0. Suppose 4*l - 4*a + 7*a - 97 = 0, 2*l = 5*a + 29. What is the highest common divisor of l and s?
2
Let w be 29328/(-4277)*(-14)/3. Calculate the greatest common factor of w and 147.
1
Let i(y) = 6*y. Let f be i(4). Suppose -6 = 3*u, -2*o + 6 = 5*u - 0. What is the highest common divisor of f and o?
8
Suppose 0 = 2*r + 3*h - 29, h - 14 - 19 = -3*r. Let c = 2050 + -650. Suppose -6*y - 8*y + c = 0. Calculate the greatest common factor of r and y.
10
Let j = 233 - -190. Calculate the greatest common divisor of 126 and j.
9
Suppose c + 27 = -3*z + 117, -60 = -2*z + 2*c. What is the highest common factor of 125 and z?
5
Let l(s) = -2*s**3 + 27*s**2 + 102*s - 50. Let c be l(-4). What is the greatest common divisor of 25653 and c?
51
Let u(q) = q**3 + 7*q**2 + 8*q + 3. Let i be u(-5). Let j = -22 - -32. Let o = i - j. What is the highest common divisor of o and 21?
3
Suppose -243*h + 242*h + 6 = 0. Let d be (-3 + h)/(2/(-48)). Let s = d - -270. Calculate the highest common divisor of s and 18.
18
Let n(l) = -16*l**3 - 311*l**2 - 19*l + 62. Let c be n(-20). Calculate the highest common divisor of c and 172.
86
Let k = -2447 - -2515. Let z = 4 + -3. What is the greatest common divisor of k and z?
1
Suppose -134*s = 516 - 1722. Suppose 7*o - 769 = -5*u + 3*o, o = 3*u - 458. What is the greatest common factor of u and s?
9
Let w = -297 - -351. Let f be 396/w*3/2*1. Calculate the greatest common factor of f and 341.
11
Suppose 3*t = -5*a + 36, -4*a - 22 = 5*t - 69. What is the greatest common divisor of 4116 and t?
7
Let t(m) = 17*m - 55. Let c be t(2). Suppose -2*v = -7*v - 125. Let o = c - v. What is the highest common factor of 14 and o?
2
Suppose 11 = 3*q - 4*u, -2*u = 6*q - 2*q. Let n be (17/(-1)*-1)/q. What is the highest common divisor of 153 and n?
17
Let d(f) = f - 16. Let l be d(9). Let i(w) = 0 + 0*w + 7*w - 3*w**2 + 1 + 4*w**2. Let h be i(l). What is the highest common factor of h and 9?
1
Suppose 10*i = 12*i - 10. Let v(f) = f**2 - 13*f + 46. Let p be v(i). What is the highest common factor of 138 and p?
6
Suppose -5 - 25 = -2*c. Suppose 2*r = 3*s - 67, -4*s + 13*r + 76 = 17*r. What is the highest common factor of c and s?
3
Let d be (-84)/(-12) + 12 - -11. Calculate the greatest common factor of 60 and d.
30
Suppose -3*h = -767 + 299. Suppose -151*r = -h*r + 1330. Calculate the highest common factor of r and 14.
14
Let c be -360*(-6 + 3/((-9)/6)). Suppose 3*k = -5*k + c. Calculate the greatest common factor of 45 and k.
45
Suppose -96 = -702*f + 694*f. Let i be (4 - f/2) + 200. What is the highest common divisor of 27 and i?
9
Suppose 135*d - 131*d = -16, 4*t + d = 92. Calculate the greatest common factor of t and 2916.
12
Let t = -822 + -148. Let u = t + 1618. Suppose 0 = 3*z + 6*j - 4*j - 488, -4*z + u = 2*j. What is the greatest common factor of z and 20?
20
Let r(y) = -2*y**2 + 13*y + 12. Let k be r(9). Let t = 93 + k. Suppose t = -s + 4*s. Calculate the greatest common factor of s and 10.
10
Let f be 29/1 + 0 + -2. Let c be (90/(-4))/((-1)/(4/2)). Let k(x) = -x**2 + 50*x - 9. Let u be k(c). Calculate the greatest common divisor of f and u.
27
Let d(o) = 2*o**3 - 29*o**2 - 25*o + 187. Let t be d(15). What is the highest common divisor of t and 1?
1
Let w(j) = -2*j - 22. Let m be w(-12). Suppose -m*c = -5*c + 15. Suppose 25 = c*n - 35. What is the highest common factor of n and 6?
6
Suppose -39*o - 5 = -40*o. Suppose o*q = y + 210, 2*q - y + 2*y - 84 = 0. Calculate the highest common divisor of q and 70.
14
Suppose -2*r + 0*p + 340 = -p, r - 179 = -4*p. Suppose 0 = m + 128*x - 133*x + 9, -3*m = 5*x - 33. Calculate the greatest common factor of r and m.
3
Suppose -146*t - 1321 - 430 + 16351 = 0. Suppose 2*f = -2*f - i + 49, 0 = -f + 3*i + 9. Calculate the highest common factor of f and t.
4
Suppose 1068*s = 740*s + 5966320. What is the greatest common divisor of 170 and s?
170
Let h be 777/(-4)*13600/1500*-5. Calculate the greatest common divisor of h and 476.
238
Suppose -2*f + 88 = -17*l + 21*l, -5*f + l + 209 = 0. Calculate the greatest common divisor of 102 and f.
6
Suppose -15478 + 14326 = -3*u. What is the greatest common factor of 18 and u?
6
Suppose 182*n - 1274 = 82*n + 86*n. Let r be -1 - -2 - -4*3. What is the highest common factor of n and r?
13
Suppose 4*z + 10613 = 5*w, 2291 = 2*w + 5*z - 1941. Calculate the highest common factor of w and 126.
21
Let j(x) = x**3 + 21*x**2 - 2*x - 39. Let o be j(-21). Suppose c = u - 69, 0 = o*u + 2*c + 29 - 241. What is the greatest common divisor of 20 and u?
10
Suppose 6*g + 6 = 4*g. Let l(a) = a**2 + 8*a + 6. Let w be l(g). Let q be (-1 + 74/8)/(w/(-72)). Calculate the greatest common divisor of 44 and q.
22
Let w(h) = 36*h - 200. Let u be w(7). Let j(q) = q**3 - 7*q**2 + 3*q. Let g be j(7). Suppose t - g = 18. What is the highest common divisor of u and t?
13
Let p(i) be the second derivative of -24*i + 0 + 7/3*i**3 + 7/2*i**2. Let t be p(1). What is the greatest common factor of t and 7?
7
Let a(u) = u**3 - 18*u + 11. Let m be a(7). What is the greatest common divisor of m and 741?
57
Let j = -6613 + 7531. What is the greatest common factor of 255 and j?
51
Suppose 867*k + 756 = 2490. Let m(r) = 5*r**2 + 6*r + 2. Let s be m(-4). What is the highest common factor of k and s?
2
Let a be (-17)/(-6) + 80/(-96). Let n(q) = -q**3 - 10*q + 24*q**2 + 5*q**2 - 15*q**2 - 31. Let z be n(13). What is the greatest common divisor of z and a?
2
Let z(m) = -m**3 + 25*m**2 - 50*m + 162. Let v be z(18). Calculate the highest common divisor of 360 and v.
90
Let x(d) = -d**3 + 30*d**2 + 2*d - 63. Let g be x(30). Let t be 549 + 7 - (2 - g)/5. Calculate the highest common factor of 74 and t.
37
Let q(r) = -7*r + 39. Let i be q(9). Let u be ((-5)/(-2) - 2)/(i/(-720)). What is the greatest common factor of u and 45?
15
Suppose 396 = 4*m - 4*z, -3*z - z = -m + 108. Calculate the highest common divisor of 168 and m.
24
Let k(q) = -207*q - 475. Let v be k(-3). What is the highest common divisor of v and 803?
73
Suppose -84*g = -25352 - 4216. Suppose -4*s = -2*n + 21 + 5, 26 = 5*n + 3*s. Suppose -n*v + 160 = -2*v. What is the greatest common divisor of v and g?
32
Suppose -1556*w + 4185 = -1511*w. What is the greatest common divisor of 126 and w?
3
Suppose 594*o = 599*o. Suppose o = -104*w + 109*w - 1500. What is the greatest common factor of w and 12?
12
Let h = -34 + 33. Let r = 45 - 40. Let w be 14 - (h - 0/r). What is the greatest common divisor of 10 and w?
5
Let m(c) = -c**2 + 3*c. Let q be m(1). Suppose -6*t = q*t - 192. What is the highest common divisor of 12 and t?
12
Suppose -7*l = -4*l + 3*k - 108, -4*l + 171 = -5*k. Let h = 132 + -124. Suppose h*s = 6*s + 52. Calculate the greatest common factor of l and s.
13
Let l be -105*(-1)/(5 + (3 - 5)). Suppose 0 = 5*g - 10*g + 25. What is the greatest common divisor of g and l?
5
Let n = -54 + 53. Let y be 9/(5 + n*(-1 - -5)). What is the highest common divisor of 90 and y?
9
Let x(j) = 10*j**2 - 20*j + 5. Let q be x(-17). Let w be q/(-35) - 12/21. Let i = -55 - w. Calculate the highest common divisor of i and 95.
19
Suppose -122292 = -55*s - 261*s. Calculate the highest common divisor of 279 and s.
9
Suppose 0 = 32*v - 38*v + 858. Let x be (-1 - v/(-2)) + (-4)/8. Calculate the greatest common factor of x and 1190.
70
Let l(m) = 17*m - 2420. Let c be l(144). Calculate the greatest common factor of 6580 and c.
28
Suppose -f + 79*b + 3483 = 80*b, 2*f - b = 6945. Calculate the greatest common divisor of f and 132.
44
Let u(a) = 544*a. Let m be u(4). Suppose -m - 4675 = -13*r. Calculate the greatest common factor of r and 31.
31
Let s(r) = 11*r**2 + 174*r + 1750. Let t be s(-10). Calc